o. List the prime factors of j.
2, 5, 11
Let d(k) be the second derivative of k**3/3 + 3*k**2/2 - 3*k. Let h be d(-2). Let c = h + 16. List the prime factors of c.
3, 5
Suppose -s = m - 5*m + 35, -m = -5*s + 15. Let j(p) = -20 + m + p + 3*p + 29. List the prime factors of j(6).
43
Let f(t) = 23*t + 104. List the prime factors of f(19).
541
Let v(n) = -n**3 + 6*n + 522. What are the prime factors of v(0)?
2, 3, 29
Let j be -1*(-10 - (-3 + -2)). Suppose -3*n + j*w + 505 = 0, -5*n - 4*w = -w - 887. List the prime factors of n.
5, 7
Suppose 4487 = -2*n + 9*n. List the prime factors of n.
641
Let p(k) = 44*k - 14. Let l be p(12). Suppose 4*q - 700 = -3*n, -5*n + l = -0*q + 3*q. List the prime factors of q.
2, 89
Let z = 2903 - 2138. List the prime factors of z.
3, 5, 17
Let q = -25 - -14. Let t(j) = j**3 + 2*j**2 - 4*j - 4. Let h be t(-4). Let w = q - h. What are the prime factors of w?
3
Let s = 199 + 218. List the prime factors of s.
3, 139
Let v(i) = 10*i**2 + 4*i + 2. Let a be v(-3). Let r = 137 - a. List the prime factors of r.
3, 19
Suppose 61 = -6*s + 1783. List the prime factors of s.
7, 41
Suppose n + 112 = -2*y - 0*y, -y = 4*n + 469. Let p = 122 + n. What are the prime factors of p?
2
Let k(o) = 49*o + 1. Suppose -3*h = -5*h + 6. Let r be k(h). Let v = r + -103. What are the prime factors of v?
3, 5
Suppose -3*o + 3*b + 19 = b, -2*o + 4 = 3*b. Suppose 5*t - 165 = o*j, -4*j + j + 2*t - 95 = 0. Let q = j - -32. What are the prime factors of q?
3
Let c(z) = -39*z - 111. What are the prime factors of c(-15)?
2, 3, 79
Let u(d) = 2*d - 8*d + 8 + 4*d**2 + d**3 + 7 - 8. Let w be u(-5). Suppose -i + 17 + w = -2*s, 24 = i - s. What are the prime factors of i?
19
Suppose 0 = 5*a - 3*d + 117, -5*a + 5*d - 91 = -a. Let m = -25 - a. Let s(l) = 11*l**2 + 1. What are the prime factors of s(m)?
2, 3
List the prime factors of 5 + 135 - ((-18)/(-3))/(-3).
2, 71
Let i(y) = 3*y**2 + 4*y - 3. Let b = 10 + -6. Suppose b*g + 21 = 2*g - 5*q, 2*q = 4*g - 18. List the prime factors of i(g).
17
Suppose 476 = 2*b - 1854. List the prime factors of b.
5, 233
Let k(v) = 486*v**2 + 7*v + 1. What are the prime factors of k(-1)?
2, 3, 5
Let v(f) = -f**3 + 9*f**2 - 10. Let m be v(9). Let n = m + 90. What are the prime factors of n?
2, 5
Let w(f) = -1094*f**3 - 7*f**2 - 5*f + 3. List the prime factors of w(-1).
3, 5, 73
Let l be (468/(-30))/((-3)/(-10)) - -1. Let q = 101 + l. What are the prime factors of q?
2, 5
Let m(r) = 2*r + 73. Let g be m(0). Suppose -3*h + 4*f = -131, 2*h - g = 2*f + 15. Let a = h - 22. List the prime factors of a.
23
Suppose -2*m + 3112 = 4*l, 2*m - 2330 = l + 757. List the prime factors of m.
2, 773
Let k(u) = 12*u**2 - 2*u - 1. Suppose -4*v - 16 = 0, 2*v + 28 = 4*t + 8. List the prime factors of k(t).
101
Let h = -109 - -254. What are the prime factors of h?
5, 29
Suppose 4*p = -1 + 9. Suppose 5*g = -r + 2*r + 15, r - p*g + 3 = 0. Let z = r + -3. List the prime factors of z.
2
Let o(i) = -i**2 - 17*i + 2. Let j(h) = -h - 1. Let t(a) = -4*j(a) + o(a). What are the prime factors of t(-13)?
2, 3
Let n(b) = b**2 + 25*b + 3. Let h be n(-25). Suppose -h*c + 3*u + 927 = 0, -5*c = 3*u - 2004 + 459. What are the prime factors of c?
3, 103
Let d(m) = m**2 - 4*m - 4. Let f(w) = -w - 5. Let n be f(-14). Let o be d(n). Suppose -5*i + 114 = 2*c, 4*c - i + o = 225. What are the prime factors of c?
47
Let n(t) = 1. Let c(d) = 8*d - 8. Let i(m) = -c(m) - 5*n(m). Let p(a) = a. Let b(l) = i(l) + 4*p(l). What are the prime factors of b(-4)?
19
Let y be 1 - (-3 - (-4 - -2)). Let x(g) = 2*g**y + g - g**2 + 1 + 2*g. What are the prime factors of x(5)?
41
Let i be ((-4)/5*(-3580)/(-8))/2. Let c = 70 - i. What are the prime factors of c?
3, 83
What are the prime factors of ((-935)/110)/(-1 - 1090/(-1092))?
3, 7, 13, 17
Let w(k) = -4*k. Let i(d) = -d + 1. Let g(c) = 4*i(c) + w(c). What are the prime factors of g(-7)?
2, 3, 5
What are the prime factors of ((-167)/(-2))/((-9)/(-18))?
167
Let c be (13 - 27)*(1 - 66/4). Suppose -5*n + c = -178. What are the prime factors of n?
79
Let i be 1/1*(1 - 2). Let g(y) = -90*y**3 - 3*y - 2. List the prime factors of g(i).
7, 13
Let t(k) be the second derivative of -1/3*k**3 + 4*k + 5/2*k**2 + 0. List the prime factors of t(-4).
13
Suppose 12 = -4*c, -3*c - 46 - 264 = -k. Let g = -95 + k. What are the prime factors of g?
2, 103
Let u(q) = 6*q - 48. Let b be u(6). Let h(n) = -2*n**2 + 3*n - 3. Let f be h(4). Let v = b - f. What are the prime factors of v?
11
What are the prime factors of (6856/16)/(2 + (-9)/6)?
857
Let w be 14/(-91) - (-9806)/26. Suppose -w = -8*x + 79. What are the prime factors of x?
3, 19
Let s be ((-18)/27)/(4/(-378)). Suppose 0 = -2*q - 5*d + s, -3*d + 129 = 5*q - 0*q. What are the prime factors of (-1)/(-6) + 428/q?
2, 3
Suppose 12 = -2*q - 4. What are the prime factors of q/6*93/(-2)?
2, 31
Suppose -658 + 2618 = 7*k. Suppose x - k = -5*h, -x - 113 - 111 = -4*h. What are the prime factors of h?
2, 7
Let u be ((-6)/9)/((-2)/27). Suppose w + u = 4*w. Suppose w*o - 23 - 1 = 0. What are the prime factors of o?
2
Suppose t + 649 = 3*t + 3*w, 3*w = -3*t + 969. What are the prime factors of t?
2, 5
Let x be -4 - (-8*1 + -1). List the prime factors of ((-2)/x)/((-10)/1450).
2, 29
Let w(r) = -147*r - 15. List the prime factors of w(-4).
3, 191
Suppose 2*d - 3*x = 6495, x = 5*d - 12855 - 3415. List the prime factors of d.
3, 5, 7, 31
List the prime factors of ((-524650)/(-115))/2 - (-8)/(-92).
2281
Let j(u) = -2*u**3 - u**2 - 2*u - 2. Suppose -2*t = -0*t - 4. Suppose 4*h - t = -4*r + 2, 3*r = -h + 7. What are the prime factors of j(h)?
2, 7
Suppose 4*w = 6*w - 4. List the prime factors of -144*-2*w/6.
2, 3
Let q be (74/(-4))/((-1)/(-2)). Let b = q - -99. List the prime factors of b.
2, 31
Suppose 3*q - p - 32 = 2*q, p = 2*q - 68. Suppose v = -7*h + 10*h + 37, 4*h = v - q. List the prime factors of v.
2, 5
Let n(o) = -2*o**2 + 5*o. Let b be n(4). List the prime factors of (1 + -22)/(4/b).
3, 7
Suppose 0*j - 4 = 2*f + 2*j, -17 = 4*f - 5*j. Let m = f + 5. Suppose 4*a + 3*r - 161 = 0, m*a = -3*a - r + 215. List the prime factors of a.
2, 11
Let x(j) = j - 21. Let m be x(13). Let n = m + 14. Suppose -2*a + 166 = 4*b, -n*b - 3*a + 207 = -b. List the prime factors of b.
2, 3, 7
Let z(b) be the third derivative of b**5/5 + b**4/8 + b**3/2 + 23*b**2. List the prime factors of z(2).
3, 19
Let u(z) = -4*z - 19. Let o be u(-6). Suppose 21 = o*h + 3*t, 0 = -0*h + 3*h - 5*t - 33. Suppose -h - 16 = -x. List the prime factors of x.
2, 11
What are the prime factors of (-180)/8*(-172 + 0)?
2, 3, 5, 43
Let q(r) = -139*r - 31. Let d be q(-7). Let w = d - 656. List the prime factors of w.
2, 11, 13
Suppose -547*b - 7763 = -554*b. What are the prime factors of b?
1109
Let m(p) = -p**3 + 27*p**2 - 24*p - 40. What are the prime factors of m(25)?
2, 5, 61
Let x be (8 - 10) + 2 + -15. Let d = 23 + x. Suppose -96 = -4*w - d. What are the prime factors of w?
2, 11
Suppose -a - 25 = -6*a. Suppose 0 = -a*q - 2*q + 7. List the prime factors of (2 - q)*(42 - -6).
2, 3
Suppose -3*l - 828 = -5*n + 252, -15 = 3*l. Suppose 3*i - 4*v - n = 0, -2*v + 7*v = -i + 71. What are the prime factors of i?
71
Let n = 3407 - 2242. What are the prime factors of n?
5, 233
Let v(h) = -h**3 + 11*h**2 - 28*h - 5. Let q be v(6). Let l(o) = -o**2. Let d(j) = 5*j - 9. Let i(f) = -d(f) - l(f). List the prime factors of i(q).
23
Suppose 71764 = -26*x + 103*x. What are the prime factors of x?
2, 233
Suppose 0 = -m + 4*m + 195. Let q = 104 + m. List the prime factors of q.
3, 13
Let c = -38 - -32. Let q = c - -35. What are the prime factors of q?
29
Let t(h) = -h**3 + 4*h**2 - 6*h - 2. Let z(l) = l**3 - 3*l**2 + 5*l + 3. Let g(v) = 4*t(v) + 5*z(v). Let m = 436 + -436. What are the prime factors of g(m)?
7
Let j(l) = -l**3 - 10*l**2 - 3*l - 8. Let u = 15 + -13. Let g be (u - 3)*10/1. What are the prime factors of j(g)?
2, 11
Let d(w) = -w**3 - w + 4. Let b be d(3). Let s = 66 + b. List the prime factors of s.
2, 5
Suppose 0 = -4*p + l - 28, 3*p - 2*l + 4 = 3*l. Let h be (-2642)/(-8) - (-2)/p. Suppose 2*d - 4*g = 82, -3*g + h = 5*d + 86. List the prime factors of d.
47
Suppose -631 = -3*t - 2*j + 1599, 5*j = -4*t + 2971. List the prime factors of t.
2, 3, 31
Let k(b) = -8*b**3 - 14